de 1238499?
False
Is 39 a factor of 164541?
True
Is 6705609 a multiple of 12?
False
Does 59 divide 7869157?
False
Is 13975924 a multiple of 142?
True
Is 6302628 a multiple of 230?
False
Does 127 divide 6375?
False
Is 103912 a multiple of 124?
True
Is 19 a factor of 160099?
False
Is 3623448 a multiple of 17?
True
Is 1887 a multiple of 531?
False
Is 11677614 a multiple of 39?
True
Does 18 divide 2176124?
False
Is 89 a factor of 15132?
False
Is 2999023 a multiple of 20?
False
Is 30130 a multiple of 131?
True
Does 387 divide 496019?
False
Is 8688 a multiple of 181?
True
Is 4852488 a multiple of 12?
True
Is 21 a factor of 149392?
False
Is 17 a factor of 13391?
False
Is 2601910 a multiple of 1990?
False
Does 3 divide 27283?
False
Does 45 divide 8974477?
False
Is 828219 a multiple of 30?
False
Is 244 a factor of 855909?
False
Is 111776 a multiple of 32?
True
Does 155 divide 1693685?
True
Is 14 a factor of 82727?
False
Does 77 divide 536553?
False
Is 8087737 a multiple of 48?
False
Is 262936 a multiple of 506?
False
Is 109 a factor of 1361083?
True
Is 2 a factor of 42461?
False
Does 301 divide 906476?
False
Is 14 a factor of 140198?
False
Is 373387 a multiple of 7?
True
Is 69772 a multiple of 20?
False
Is 5 a factor of 433905?
True
Does 1574 divide 13572287?
False
Is 106425 a multiple of 75?
True
Is 241 a factor of 2204768?
False
Does 20 divide 6981088?
False
Does 14 divide 8969051?
False
Is 2472885 a multiple of 983?
False
Is 111537 a multiple of 27?
True
Is 335508 a multiple of 292?
True
Does 19 divide 3475?
False
Is 839525 a multiple of 13?
False
Is 962 a factor of 533910?
True
Is 29 a factor of 885950?
True
Is 151 a factor of 378872?
False
Is 1267 a factor of 6924155?
True
Is 9585 a multiple of 4?
False
Is 62 a factor of 589248?
True
Does 74 divide 230954?
True
Is 120 a factor of 1663484?
False
Does 36 divide 17389632?
False
Does 2 divide 4011?
False
Is 558936 a multiple of 56?
True
Is 5449221 a multiple of 1444?
False
Is 20 a factor of 953113?
False
Is 289714 a multiple of 21?
False
Is 2554500 a multiple of 3?
True
Is 344030 a multiple of 18?
False
Is 477807 a multiple of 401?
False
Is 10307680 a multiple of 163?
False
Is 15953314 a multiple of 1195?
False
Is 419 a factor of 309724?
False
Does 106 divide 6686268?
True
Is 46 a factor of 61235?
False
Is 13 a factor of 471692?
True
Is 2287080 a multiple of 26?
False
Is 1261 a multiple of 3?
False
Is 2002560 a multiple of 224?
True
Does 442 divide 3310138?
True
Is 375 a factor of 464625?
True
Is 17646 a multiple of 25?
False
Does 29 divide 3069273?
True
Is 4561732 a multiple of 14?
True
Is 2069860 a multiple of 260?
True
Is 19913 a multiple of 8?
False
Is 578 a factor of 1627648?
True
Is 119 a factor of 243712?
True
Does 3 divide 409797?
True
Is 2359764 a multiple of 59?
True
Is 18643073 a multiple of 18?
False
Is 7 a factor of 127358?
True
Is 54073 a multiple of 108?
False
Does 13 divide 598?
True
Is 11 a factor of 81542?
False
Does 12 divide 529500?
True
Is 43878 a multiple of 100?
False
Is 17 a factor of 46061?
False
Does 10 divide 1245712?
False
Does 183 divide 108885?
True
Does 860 divide 208863?
False
Is 65 a factor of 629589?
False
Is 108 a factor of 3185244?
True
Does 364 divide 443716?
True
Is 43 a factor of 1911307?
True
Is 301840 a multiple of 151?
False
Is 143565 a multiple of 85?
True
Does 196 divide 5685586?
False
Is 272 a factor of 128928?
True
Is 280751 even?
False
Is 3073 a multiple of 5?
False
Is 91 a factor of 10418888?
False
Is 104716 a multiple of 188?
True
Is 2067690 a multiple of 157?
True
Does 4 divide 429740?
True
Is 34 a factor of 24138?
False
Does 7 divide 104461?
True
Does 51 divide 108404?
False
Is 9 a factor of 321979?
False
Does 18 divide 739386?
True
Is 194 a factor of 73168?
False
Does 876 divide 3870591?
False
Is 8 a factor of 27120?
True
Is 208749 a multiple of 45?
False
Is 14 a factor of 59836?
True
Is 27 a factor of 528519?
False
Does 19 divide 190836?
True
Does 139 divide 380428?
False
Is 469300 a multiple of 50?
True
Does 141 divide 160679?
False
Is 27 a factor of 922630?
False
Does 252 divide 4711862?
False
Is 5 a factor of 3462050?
True
Is 18 a factor of 28746?
True
Is 170874 a multiple of 18?
True
Is 5593238 a multiple of 119?
True
Is 177448 a multiple of 24?
False
Is 336240 a multiple of 36?
True
Is 12 a factor of 405420?
True
Is 47 a factor of 104977?
False
Does 128 divide 62865?
False
Is 70 a factor of 451609?
False
Does 711 divide 2302218?
True
Does 42 divide 30156?
True
Does 131 divide 10839?
False
Is 1242 a factor of 10229112?
True
Is 34108 a multiple of 33?
False
Is 5216616 a multiple of 12?
True
Is 2501136 a multiple of 144?
True
Is 59 a factor of 470980?
False
Is 1067048 a multiple of 14?
False
Is 104576 a multiple of 64?
True
Is 62 a factor of 46376?
True
Does 7 divide 802738?
False
Does 163 divide 224125?
True
Is 987686 a multiple of 6?
False
Does 27 divide 123833?
False
Is 341376 a multiple of 381?
True
Does 13 divide 354603?
False
Does 17 divide 1700?
True
Does 456 divide 1900152?
True
Does 72 divide 163584?
True
Is 685256 a multiple of 286?
True
Is 131 a factor of 10971691?
False
Is 431066 a multiple of 46?
True
Is 23330781 a multiple of 200?
False
Does 19 divide 1364903?
True
Does 261 divide 4128722?
False
Does 54 divide 3612576?
False
Is 65362 a multiple of 22?
True
Does 9 divide 1126539?
True
Is 4 a factor of 262883?
False
Is 70 a factor of 1952111?
False
Does 6 divide 133245?
False
Is 6 a factor of 182532?
True
Does 494 divide 759939?
False
Is 3170223 a multiple of 9?
True
Is 3473162 a multiple of 30?
False
Does 18 divide 5011441?
False
Does 279 divide 114601?
False
Is 1592237 a multiple of 229?
True
Is 803 a factor of 201553?
True
Is 881925 a multiple of 25?
True
Is 2588316 a multiple of 12?
True
Is 94 a factor of 185057?
False
Is 30871286 a multiple of 11?
False
Is 75 a factor of 2912506?
False
Is 27940 a multiple of 22?
True
Is 131964 a multiple of 35?
False
Does 174 divide 98658?
True
Is 109 a factor of 208517?
True
Is 67 a factor of 1565193?
False
Does 61 divide 430477?
True
Is 87 a factor of 73341?
True
Is 3181586 a multiple of 268?
False
Does 25 divide 124959?
False
Is 13428476 a multiple of 713?
False
Is 10 a factor of 1337930?
True
Does 109 divide 12644?
True
Does 81 divide 2421304?
False
Is 1492688 a multiple of 27?
False
Is 89 a factor of 23852?
True
Does 6 divide 744571?
False
Is 1040 a factor of 26301167?
False
Is 244102 a multiple of 55?
False
Does 22 divide 789448?
True
Is 18 a factor of 333324?
True
Does 1005 divide 23172285?
True
Is 1065 a factor of 1246050?
True
Is 302 a factor of 459454?
False
Is 4032 a multiple of 14?
True
Does 40 divide 10005200?
True
Is 5359748 a multiple of 109?
True
Is 2857 even?
False
Is 700 a factor of 6581400?
True
Is 724 a factor of 1077312?
True
Does 19 divide 4242358?
True
Is 40 a factor of 4405272?
False
Is 207 a factor of 362871?
True
Does 17 divide 392790?
False
Does 322 divide 635628?
True
Is 94 a factor of 509303?
False
Is 3432619 a multiple of 39?
False
Is 1803146 a multiple of 254?
True
Is 77012 a multiple of 235?
False
Is 24756765 a multiple of 165?
True
Is 76 a factor of 160865?
False
Does 25 divide 1733600?
True
Is 1386792 a multiple of 33?
True
Is 55031 a multiple of 7?
False
Is 708636 a multiple of 81?
False
Is 175920 a multiple of 16?
True
Is 53 a factor of 703855?
False
Does 21 divide 338520?
True
Does 11 divide 62050?
False
Does 40 divide 40080?
True
Does 30 divide 2772780?
True
Is 758 a factor of 2859176?
True
Does 198 divide 269676?
True
Is 9 a factor of 159210?
True
Does 493 divide 1157071?
True
Is 2350338 a multiple of 223?
False
Is 1987674 a multiple of 90?
False
Does 188 divide 2227415?
False
Is 159 a factor of 2520979?
False
Does 14 divide 10522834?
True
Does 636 divide 10804500?
False
Is 15 a factor of 3038757?
False
Does 323 divide 4627154?
False
Is 365420 a multiple of 77?
False
Is 91 a factor of 114403?
False
Is 13 a factor of 3510403?
True
Is 99 a factor of 94901?
False
Does 83 divide 4969775?
False
Is 456 a factor of 80256?
True
Is 53 a factor of 61031?
False
Is 32508644 a multiple of 37?
True
Is 348583 a multiple of 8?
False
Is 218703 a multiple of 4?
False
Does 123 divide 57581?
False
Is 14654 a multiple of 55?
False
Is 149 a factor of 280436?
False
Is 22 a fac